. Let u(z) = z**3 - 5*z**2 + 4*z. Give u(b).
0
Let a(o) be the first derivative of -o**7/840 - o**6/60 + o**4/8 - 6*o**3 + 7. Let c(b) be the third derivative of a(b). What is c(-6)?
3
Let l be (-7 - -4 - -6) + 4. Let o(a) = 3*a**3 + 4*a**2 - 3*a + 9. Let q(y) = 10*y**3 + 12*y**2 - 10*y + 28. Let b(r) = l*o(r) - 2*q(r). What is b(-5)?
-13
Let p(n) = 5*n + 14. Let r(l) = -4*l - 14. Let m(v) = -3*p(v) - 4*r(v). Determine m(-6).
8
Let z(d) = -d**2 + 8*d - 1. Suppose -98 = -10*j - 4*j. Calculate z(j).
6
Let z(w) = -2*w**2 + 4*w + 4. Suppose 2*m + 38 = 3*c - 5*c, -4*m - 77 = 3*c. Let o be ((-16)/1)/((-5)/(-5)). Let j = o - m. Give z(j).
-12
Let a(k) = -7*k**2 + 2*k - 2. Let v(z) = 3*z**2 + 1. Let d(u) = a(u) + 2*v(u). Determine d(2).
0
Let y(v) = -v**3 + 6*v**2 + 7*v - 3. Let p = 362 + -355. Give y(p).
-3
Let a(t) = -4*t + 70. Let k(w) = -7*w + 116. Let i(s) = -10*a(s) + 6*k(s). Let l(r) = 7*r**2 - r - 1. Let j be l(-1). Calculate i(j).
-18
Suppose -13 = -3*b - 2*l, -2*l = 9*b - 11*b - 8. Let o be (8/(-2) - -7)/b. Let p(n) = -n**3 + 3*n**2 - 3. Calculate p(o).
-3
Let p(j) = -6*j + j**3 + 3*j**3 - 3*j**3 - 39*j**2 + 2 + 36*j**2. What is p(4)?
-6
Let v(u) = -393 + 2*u + u**2 + 203 + 7*u + 201. Determine v(-6).
-7
Suppose -2*h = -0*r - 5*r - 24, 2*h + 5*r = -16. Let b(z) = -11*z - 1 + 11*z + z**h - 7*z. Give b(6).
-7
Let v(r) = -r**3 - 3*r**2 + 2*r - 1. Suppose 0*g = 3*g - 6. Suppose 2*k - 3*p + 9 = -2, 0 = 5*k - g*p. What is v(k)?
-17
Suppose -4*d + 23 = 19*d. Let a(o) = -o**2 + 1. Give a(d).
0
Let u(l) = -l**3 - 6*l**2 - 2*l + 7. Let z(w) = -4*w - 42. Suppose -5*b + 2*y - 43 = 0, -4*b - 5*y = -0*b + 41. Let v be z(b). Calculate u(v).
19
Let z(k) = -13*k**3. Suppose -2*f - 4 + 12 = 0. Suppose f*h = 3*h - 25. Let j = h - -24. Calculate z(j).
13
Let l be -2 + (-54)/24*16/(-6). Suppose -l*g - 14 = 2*h, -4*g + 3*h = -g + 24. Let n(x) = x - 3*x - 1 + 5*x. Give n(g).
-16
Let g(p) = p**2 - 3*p - 9. Let q(l) = l**2 - 3*l - 10. Let v(j) = -4*g(j) + 3*q(j). Calculate v(5).
-4
Let v(g) be the first derivative of 4/3*g**3 + 1/4*g**4 + 26 + 4*g + 3/2*g**2. Determine v(-4).
-8
Let o be (-12)/(-4) + -11 + 5. Let x be (-2)/(-6) + o*(-15)/27. Let y(d) = -2*d**2 + 2*d. What is y(x)?
-4
Let b(q) = -q**3 + 4*q**2 + 2*q + 4. Let v(m) = -5 + m**3 - 4*m**3 + 7*m**2 - 3*m - 11*m**2 + 4*m**3. Let l(i) = 5*b(i) + 4*v(i). Give l(4).
-8
Let h(c) = 0*c**2 + c**2 - 4*c + c. Let v = 59 - 59. Suppose 2*g = -v*g + 4. Determine h(g).
-2
Let r(s) be the third derivative of -s**6/120 - 3*s**5/20 - s**4/3 - s**3/2 + 88*s**2 + 5*s. What is r(-8)?
-3
Let l(o) = -o**2 - 8*o + 14. Let p(b) = 8*b**2 - 25*b - 7. Let m be p(3). Calculate l(m).
-6
Let r(o) = -13*o - 2. Let g(b) = -7*b - 1. Let z(q) = 11*g(q) - 6*r(q). Let v = 103 - 98. Suppose -114 = -v*s - 129. Determine z(s).
-2
Let t(v) = -16*v - 7. Let k(y) = -4 + 0 - 11*y - 1 + 0. Let i(a) = -7*k(a) + 5*t(a). Give i(-2).
6
Let x be (18/(-12))/((-2)/4). Suppose x*l + 11 = -r + 3*r, r - 18 = -l. Let f(w) = -w**2 - r*w + 4*w - 4 - 5. Give f(-6).
9
Let q(n) = n - 18. Let r be q(20). Let v(x) = -3*x - 3 + r + x**2 - 5. Determine v(5).
4
Let f(s) = -47*s + 173. Let r be f(4). Let l(j) = 2*j + 36. Give l(r).
6
Let l(v) = v**2 - 4 + 17*v - 55*v + 33*v. Determine l(-3).
20
Let p(v) = 3 - v**3 - 2460*v**2 - 2*v + 2462*v**2 + 4. What is p(3)?
-8
Let a be 2 + (0 - (2 - 3)) - 3. Let y(i) be the first derivative of -i**3/6 + 9*i**2/2 - 2*i + 1. Let l(h) be the first derivative of y(h). Determine l(a).
9
Let m(g) = g**2 + 5*g - 3. Suppose -4*n + 5*r - 35 = -2*n, -25 = -5*r. What is m(n)?
-3
Let k(v) = -v**3 + 14*v**2 - 11*v - 10. Suppose 12*t - 494 = -26*t. Determine k(t).
16
Let y(q) be the third derivative of -q**7/1008 - q**6/720 - q**5/5 + 4*q**2. Let d(v) be the third derivative of y(v). Calculate d(-1).
4
Let y(m) = 2*m - 5 - 2*m - 6*m - 8*m + 19*m. Give y(4).
15
Let d be (-1)/(-6) - (-35)/6. Let s(c) = 5*c - 33. Let i be s(d). Let o(z) = -z + 1. Determine o(i).
4
Let c(q) be the first derivative of -q**6/120 + 7*q**5/60 - 5*q**4/24 - q**3/3 + 7*q**2/2 - 8. Let a(u) be the second derivative of c(u). Give a(6).
4
Let b be ((-5 + -1)*-1)/2. Let a(c) = -5*c**2 - 4 + c**b + 4*c + 8*c**2 + 3*c**2. Let h = 97 - 102. What is a(h)?
1
Let j = -329 + 327. Let b(k) = k - 3. Determine b(j).
-5
Let z(y) be the third derivative of y**6/120 + y**5/60 - 5*y**3/6 - 5*y**2 + 18*y. Calculate z(-2).
-9
Let a(n) = -n**3 + 7*n**2 + 2*n - 7. Suppose -28*m = -11*m - 68. Give a(m).
49
Let v(x) = -15*x + 26*x - 13*x + 3. Give v(-5).
13
Let t(z) = z - 2. Suppose 2 = -y - 0. Let d = -4 - y. Let f be 1 + d + -1*1. Determine t(f).
-4
Suppose i - 5*z = 27, 5*i + z - 7 + 2 = 0. Suppose -4*f + 5*p = -0*p + 5, -i*f = -p + 7. Let l(b) = 3*b**3 - 3 + 6*b**2 - 2*b**3 + 1 + 6*b. Calculate l(f).
-7
Let w(d) be the third derivative of -d**5/60 + d**4/24 + 7*d**3/6 - 4*d**2. Suppose 5*b - 8 = 2*z, -10 - 6 = 3*b + 4*z. Calculate w(b).
7
Let g(z) = z**2 + 4*z + 4. Let i be g(-3). Let u be ((-5)/30*-10)/(3/9). Suppose -12 = -4*y, -2*y + i = -u*j - 5*y. Let c(a) = -a**2 + 2. Give c(j).
-2
Let l = 142 + -138. Suppose -2 = -2*s + l*n, 2*s + 5*n = 6*n - 7. Let t(a) = 2*a**2 + 6*a - 3. Determine t(s).
17
Let h(c) = -10*c**2 - c - 1. Let m(g) = g**2 - 145. Let w be m(-12). What is h(w)?
-10
Let s(g) = -3*g + 6. Let f(w) be the first derivative of -5*w**2 + 17*w - 5. Let x(j) = -2*f(j) + 7*s(j). Determine x(6).
2
Suppose -d = -0*d - 3. Let c be d/(15/2)*10. Let o(g) be the first derivative of g**4/4 - 5*g**3/3 + 3*g**2/2 - g + 158. Calculate o(c).
-5
Let n = -11 + 6. Let h(v) be the first derivative of -3*v + 1/2*v**2 + 12. What is h(n)?
-8
Suppose 12 = 3*x + x. Suppose p - 6 = 2*l - 3*p, -x*l - 5*p - 9 = 0. Let w(u) = -u**2 - 2*u - 3. Calculate w(l).
-6
Let o(k) = -2*k - 3. Suppose -4*j + 4*i = 3*i + 3, 0 = -5*i + 15. Let h be 5 + -4 - (j + 7). Let m(q) = q**3 + 7*q**2 + 8*q + 7. Let u be m(h). Determine o(u).
7
Suppose 25 = 3*n - 5*a + 2, -24 = -4*n + 5*a. Let f be -5 - (2/(-6))/(n/6). Let h(l) = 7*l - 3 + 6 + l**2 - 3*l. Determine h(f).
0
Suppose -1 - 9 = -3*l - t, 0 = t - 4. Let g(r) = 22 + r + 4*r**l - 22. What is g(-1)?
3
Let d(t) be the second derivative of -t**3/2 - t**2 - 7*t + 21. Give d(5).
-17
Let j(z) = 2*z - 2. Let f = 66 - 33. Let t = -20 + f. Let w = 10 - t. Determine j(w).
-8
Suppose -6*q + 4*q + 6 = 0. Let u(w) = -w**2 + q - 2*w - 4 - 1 + 3. Give u(-2).
1
Let b(i) = -i**3 - 4*i**2 - i - 86 - 86 + 13*i**2 + 265 - 95. What is b(9)?
-11
Let x(f) be the third derivative of 0*f + 1/8*f**4 + 1/3*f**3 - 1/120*f**6 - f**2 + 0 - 1/60*f**5. Determine x(-2).
0
Let c be (-7)/4 + 14/8 + -2. Let l(z) be the second derivative of z**2 + z + 0 + 1/3*z**4 + 1/6*z**3. Determine l(c).
16
Suppose -9 = -4*k + 5*h - 89, -5*h = 5*k + 55. Let q(z) = -z - 20. Calculate q(k).
-5
Let y(o) = -3 - 3*o**2 + 2*o**2 + 0 + 3*o + 5*o. Let u be y(7). Suppose -10 = -3*c - u*a + 7, 0 = -5*c + a + 13. Let q(r) = -r**3 + 4*r**2 + r. What is q(c)?
12
Let o(z) = -23*z - 5. Let k(g) = 20*g + 4. Let w(t) = -6*k(t) - 5*o(t). Give w(2).
-9
Let t(c) = -c + 3. Let w(v) = 2*v**3 + 7*v**2 - 2*v + 5. Let f be w(-4). Determine t(f).
6
Let z(p) = 2*p**3 - 8*p**2 - 2*p + 1. Let o(l) = -l**3 + l**2 - l. Let t(n) = 2*n - 11. Let g be t(4). Let j(h) = g*o(h) - z(h). Let v = -11 + 7. Give j(v).
-5
Let s = -3 + 8. Let n(z) = 3*z**2 - 2*z - 5*z**3 + 1 + 4*z**3 + 2*z**3 + s*z. Suppose 18*g - 17*g = -2. Calculate n(g).
-1
Let t(j) be the second derivative of j**4/12 + j**3/3 - 2*j**2 + j. Suppose 0 = -2*r - l - 8, 2*l + 1 = r - 0. Calculate t(r).
-1
Let f(u) = -5*u**3 + u**2 + 2*u + 1. Let m(j) be the second derivative of -j**4/12 + 5*j**3/2 - 15*j**2/2 + 14*j. Let z be m(14). Calculate f(z).
5
Let z(a) be the first derivative of a**2/2 + 6*a + 137. What is z(0)?
6
Let q(x) = -8*x + 2*x**2 - 9*x**2 + 2*x**2 - 2 + 4*x**2 + 20*x. Give q(5).
33
Let d(f) be the second derivative of 0 + 1/720*f**6 - 2/3*f**4 + 0*f**2 - 7/120*f**5 - 6*f + 0*f**3. Let i(v) be the third derivative of d(v). Determine i(9).
2
Let s(w) = -w**2 - 4*w - 3. Let f be s(-2). Let u(t) = -f + 3*t + 5 - 2*t + t. Calculate u(4).
12
Let m(j) = -2*j**3 + j**2 - 4*j + 8. Let n(d) = -6*d**3 + 4*d**2 - 11*d + 22. Let o(f) = 8*m(f) - 3*n(f). Calculate o(3).
19
Let w(o) = -o**2 -